+ 414 = 0. Calculate the highest common divisor of 1833 and q.
39
Let i(r) = -18*r. Let w be i(-5). Let g = -824 + 959. What is the highest common factor of w and g?
45
Suppose 0 = -18*y + 464 - 86. Suppose -3*w - 44 = -5*w. Let t = w - y. Calculate the greatest common factor of t and 7.
1
Suppose 0 = 32*m - 4*m - 616. Let n = 5 + -3. Suppose 5*j + n*d = 610, 0 = -2*j - 2*d + m + 228. Calculate the greatest common factor of j and 12.
12
Let w = 1091 + -1040. What is the greatest common divisor of w and 561?
51
Suppose 108*i = 363*i - 13005. Calculate the greatest common divisor of 1479 and i.
51
Let h(q) = 267*q**2 - 144*q - 55. Let z be h(-3). Calculate the highest common factor of 40 and z.
20
Let g = -7904 + 7906. What is the greatest common factor of g and 1858?
2
Suppose 0 = 3*y - 7*y + 16. Suppose -9*j = -7*j - y. Suppose j = 3*d - 5*p, 5*d + 2*p + 0*p = 55. What is the highest common divisor of 99 and d?
9
Let x = 1609 + -1290. What is the highest common factor of 649 and x?
11
Suppose 406*l + 5*h - 851 = 405*l, 4*h + 1688 = 2*l. What is the greatest common factor of l and 54?
18
Let t = -4837 - -4893. Calculate the highest common divisor of t and 266.
14
Let y = 270 + -394. Let c = y - -184. Calculate the highest common factor of 60 and c.
60
Let d = 739 - -4636. What is the greatest common factor of d and 645?
215
Suppose 0*w - 2*q - 36 = -2*w, 2*w - 5*q = 24. Let j = 90 + -81. Suppose -j*l + 5*l + 44 = 0. What is the greatest common factor of w and l?
11
Suppose -5 = 42*w - 43*w. Suppose -w*g + 321 = 3*b, 5*g + 8 + 7 = 0. Suppose -x = 4*x - 40. Calculate the greatest common factor of b and x.
8
Suppose 247*b - 239678 = 49698 + 11964. Calculate the greatest common factor of b and 130.
10
Suppose -2*m - 166 = -4*m - 3*v, -v = -2. Let j be ((-108)/(-63)*(20 - 21))/((-1)/84). Calculate the greatest common factor of j and m.
16
Suppose -2*j - 4*y + 1022 = 0, 10 = -y + 3. Calculate the greatest common divisor of j and 21.
21
Suppose 0 = 210*s - 76*s - 221368. What is the greatest common divisor of 84 and s?
28
Suppose -39*d + 55165 = -22*d. Calculate the highest common factor of 11 and d.
11
Let g(x) = 7*x + 80. Let q be g(-11). Suppose -213 = -2*y - o + 127, -q*o = 2*y - 348. Calculate the greatest common divisor of 56 and y.
56
Suppose -2*s + 580 - 34 = 0. Let x(j) = 98*j + 744. Let p be x(-6). What is the highest common factor of p and s?
39
Suppose -2589*q - 633 = -2600*q + 379. Calculate the highest common factor of 20746 and q.
46
Let o(r) = -r**3 + 18*r**2 - 62*r - 35. Let c be o(12). What is the greatest common factor of 60 and c?
5
Let l be 5 - 1 - 90/(-3). Let a = 86 - 100. Let b be 3*-17*a/42. What is the greatest common factor of l and b?
17
Let w(x) = -8*x + 181. Let h be w(-19). Suppose 3*q = n + 201, -q - n - h = -6*q. Calculate the greatest common divisor of 6 and q.
6
Let l(g) = g**2 + g + 2. Let m be l(-2). Let x = -290 + 296. Suppose -s - x*s + 112 = 0. What is the greatest common divisor of m and s?
4
Suppose -4*b = 3*p - 25, 4*p + 0*p - 2*b - 4 = 0. Let j be (42*(-10 + (-368)/(-36)))/(4/3). What is the highest common factor of j and p?
1
Let h(q) = -q**3 + 11*q**2 + 67*q - 14. Let w be h(15). What is the greatest common divisor of 6097 and w?
91
Suppose -5*k + 24 = 2*f, 5*f = -0*k - 2*k + 81. Let y be ((180/(-192))/((-6)/8))/((-3)/(-204)). Calculate the highest common divisor of y and f.
17
Let r = 200 + -70. Suppose 18*h - 19*h + r = 0. Let v = 229 - h. What is the greatest common divisor of v and 22?
11
Let b(l) = 4 + 12*l + 8*l - 19*l. Let s be b(-2). Let f be 1*20 + 2*(-1 + s). What is the highest common factor of 220 and f?
22
Suppose -2*o - n + 10 = 0, 33*o - 32*o + 17 = 5*n. Calculate the greatest common factor of o and 257.
1
Let a(j) = 2*j**2 - 14*j + 14. Let h be a(6). Let t be -18*(h/3 - 1). Calculate the greatest common factor of 51 and t.
3
Suppose 62*n = 79*n - 85. Suppose -3*j = j - 116. Suppose 5*a + 3*o - j = 0, -n*o - 15 + 5 = 0. What is the greatest common divisor of a and 77?
7
Suppose a - 17*a - 144 = 0. Let u be (-48)/(-2)*(a + 12)/1. What is the highest common factor of 168 and u?
24
Suppose -103*l + 2*x = -106*l + 266, x = -5*l + 427. What is the greatest common divisor of l and 5124?
84
Let t(u) = -2*u**3 + 8*u**2 - 12*u + 2. Let z be t(2). Let c be 52/z*(-6)/4. Suppose -3*m + 22 = -134. Calculate the greatest common factor of c and m.
13
Let b(q) = 81*q**3 - 3*q**2 + q + 2. Let y be b(1). What is the highest common factor of 6 and y?
3
Let c = -98605 + 98695. Let d = -31 - -61. Calculate the greatest common divisor of c and d.
30
Let w(o) = -25*o**2 - 5*o + 28. Let k be w(4). Let p be 25/((-300)/k) - 2/(-6). Calculate the highest common factor of p and 264.
33
Let l = -135 - -380. Let y = l - 223. What is the greatest common divisor of y and 748?
22
Suppose 39*c - 6404 = 5062. Calculate the highest common divisor of c and 84.
42
Let m = 281 - 283. Let g(v) = 8*v**2 - 12*v - 28. Let c be g(m). Calculate the highest common divisor of c and 364.
28
Let b be (5 - 2) + (51 - -3441). What is the greatest common factor of b and 75?
15
Let v = 109430 - 58150. Calculate the highest common divisor of v and 80.
80
Let j = 323 + -209. Let f = j - 79. Let k be 68 + (-7)/(f/15). Calculate the greatest common divisor of k and 13.
13
Let v(p) = 16*p**2 + 10*p - 65. Let d be v(5). Let l = -380 + d. Calculate the highest common divisor of l and 415.
5
Let o(i) = 14*i - 70. Suppose 13 = 16*n - 131. Let m be o(n). Let b = -68 + 110. What is the greatest common divisor of m and b?
14
Let m(z) = -z**2 + z + 1. Suppose 5 = 4*x + 9. Let a be m(x). Let c be (-288)/(a/(0 - -1)). Calculate the highest common factor of 36 and c.
36
Suppose 5*c + 4*a - 221 = 0, 8*c + 229 = 13*c - 4*a. Suppose -6*m = -c - 63. What is the highest common divisor of 558 and m?
18
Suppose -5*t - y + 34 = 0, 2*t + 5*y - y - 28 = 0. Let v be (t + 18/12)*6. Calculate the highest common factor of 99 and v.
9
Suppose 5*p + 397 = 1897. Suppose 7*i - 3*i = 0, 0 = 5*w - 2*i - p. Let c be (-861)/(-57) + (5 - (-388)/(-76)). Calculate the highest common factor of w and c.
15
Let a(m) = 85*m**2 + 84*m - 5. Let k be a(-4). Suppose -18*r = -10811 + k. What is the greatest common divisor of 16 and r?
16
Let m(d) = -43*d - 330. Let x be m(-9). Suppose -2*g + 33 = v, -73*v + g - x = -75*v. Calculate the highest common factor of v and 12.
3
Suppose -1584 = 21395*b - 21417*b. What is the highest common divisor of b and 1520?
8
Let u be (-44)/11*(-156)/24*2/4. What is the highest common divisor of 15184 and u?
13
Let p be 21/(1890/348) + (-1)/(-30)*4. What is the greatest common divisor of 3808 and p?
4
Suppose 5*z - 5 = 0, 0 = -4*n + 2*z + 16 - 2. Suppose -5*r + 153 = -n*k, 0 = -4*r + 4*k + 46 + 78. Calculate the highest common factor of r and 841.
29
Let v be 15 + -2 + (1 - 6 - -5). Suppose 3*p = -4*i - 68, 0*p - 4*p - 5*i = 90. Let n be p/70 - (-184)/7. What is the highest common factor of v and n?
13
Suppose 5*d = 3*d - 5*p + 704, 3*p + 352 = d. Suppose -6*y = -205 - 59. What is the greatest common factor of y and d?
44
Suppose -d - 54 = 8*d. Let v be (4 + -1)*1 - d. Let n(p) = -p**3 + 8*p**2 + 12*p - 12. Let i be n(v). Calculate the greatest common divisor of 165 and i.
15
Let j be (-823)/(-2) + 5 + (-2)/(-4). Let l = j + -237. Let u = -5 + l. Calculate the highest common factor of u and 25.
25
Suppose -78*v + 617 + 6423 = 98*v. Let k = -93 - -221. Calculate the greatest common factor of v and k.
8
Let c be 77/(-11) - (534 + 3). Let w = c + 571. Calculate the greatest common factor of 15 and w.
3
Suppose 4*w = -5*l + 1574, -946 = -10*l + 7*l - 2*w. What is the highest common divisor of l and 102?
6
Suppose -5*t = 3*c - 6*c - 291, 2*t + 5*c = 135. Let z be (8/(-24))/((-1)/36). Calculate the greatest common factor of t and z.
12
Suppose -21*h + 8014 = 3016. What is the greatest common factor of h and 6069?
119
Suppose -141 - 177 = -3*r. Let w = 102 - r. Let a = w - -46. What is the highest common factor of a and 6?
6
Let h(t) = t**3 - 2*t**2 + 3*t - 7. Let a be h(-5). Let v = -173 - a. Calculate the greatest common factor of v and 24.
24
Let a = -111 + 115. Suppose s - a*s + 12 = 0. Suppose 20 = -s*y, 0*y + 23 = z + 3*y. Calculate the highest common divis